 prime factors of y.
2, 89
Suppose 20*w + 6 = 14*w. What are the prime factors of w - (76*2)/(-4)?
37
Let j be 1/((-6)/39)*-24. Let u = j - -86. List the prime factors of u.
2, 11
Let o(f) = -9*f**3 - 4*f**2 - 2*f + 42. What are the prime factors of o(-5)?
3, 359
Let i = -354 - -443. What are the prime factors of i?
89
Suppose 0 = -10*n + 915 + 795. Suppose -2*o = -165 - n. List the prime factors of o.
2, 3, 7
Suppose -3*r + 3161 = -r + l, 4*r = -4*l + 6312. What are the prime factors of r?
1583
Suppose -222*a + 2684 = -211*a. List the prime factors of a.
2, 61
Let j(n) = -1 + n - 2*n + 3*n - 4*n**3 + n**2 + 2. Let y be j(-1). Suppose y*f = 12, 0 = 2*q - f + 2 - 53. List the prime factors of q.
3
What are the prime factors of (-1582)/(10/(-5) + 0)?
7, 113
List the prime factors of 6 - (89031/(-27) - 24/(-54)).
3, 367
What are the prime factors of ((-4)/8 + -2)*(-29022)/35?
3, 691
Suppose -12005 = 33*t - 48701. List the prime factors of t.
2, 139
Let g(o) = 3*o - 2. Let x = 124 - 119. What are the prime factors of g(x)?
13
Suppose 3*j - 60 - 72 = 0. List the prime factors of 12/(-8)*(-2 - j).
3, 23
Let y(f) = -f**3 + 7*f**2 + 8*f + 8. Let s be y(-4). Suppose -17 = 3*o - s. Suppose -7*t + o = -6*t. List the prime factors of t.
3, 5
Let g = -39 - -80. Suppose 3*m + 4*s = -8, m = -3*m + 5*s + g. Let b(n) = 6*n + 4. List the prime factors of b(m).
2, 7
Suppose d - 2*d + 136 = -n, -656 = -5*d - n. Suppose -4*o + 4*i + d = 3*i, 3*o + 5*i - 99 = 0. What are the prime factors of o?
3, 11
Let f be (-21)/(-4) + 12/(-48). Let w = f - 10. What are the prime factors of w/(-2)*10 - 3?
2, 11
Suppose -45 = 4*b - 5*w, 4*b - 3 = -3*w - 8. Let g(n) = -n**3 - 2*n**2 + 2*n - 4. List the prime factors of g(b).
61
Suppose -3*l + 161 = 5*m, -4*m + l + l = -142. Suppose m = -3*a + 112. List the prime factors of a.
2, 13
Let u = 3376 - 2101. What are the prime factors of u?
3, 5, 17
Let c(a) = -a**3 - 2*a**2 - 3*a - 5. Let w be c(-3). Suppose h - w*h = -252. What are the prime factors of h?
3, 7
Let r(p) = 656*p**2 + 2*p. What are the prime factors of r(1)?
2, 7, 47
Let f = -13 + 14. Let g be (56/42)/(f/(-3)). What are the prime factors of 64/40*(-10)/g?
2
Suppose -4*g = 22 + 70. Let h(f) = -4*f - 49. List the prime factors of h(g).
43
Let y(f) = 5*f**2 - f - 2. Let z be y(-1). Suppose 2*o - z*o - 4 = 0, -218 = -4*a + 3*o. List the prime factors of a.
53
Suppose 0 = 51*g - 1316 - 2662. What are the prime factors of g?
2, 3, 13
Let y be (-34)/3 + 4/(-6). Let v be 0/(8/y*-3). Let p(i) = i**2 + 7. What are the prime factors of p(v)?
7
Suppose -17 + 129 = -8*b. Let z be (1*-29)/(2 - 1). Let x = b - z. List the prime factors of x.
3, 5
Let y(p) = 18*p - 2. Let n(v) = 53*v - 7. Let d(b) = 3*n(b) - 8*y(b). List the prime factors of d(8).
5, 23
Suppose 3*o - 2880 + 501 = 0. Suppose -p - 12*p + o = 0. What are the prime factors of p?
61
Suppose 0 = -5*q - 0*q + 130. Suppose -6 = 2*l, -4*d + 2*l + q = -9*d. What are the prime factors of (-6)/d*(-3 + 5)?
3
Suppose 23*s - 22*s - 8 = 0. List the prime factors of (3/s)/((-6)/(-548))*4.
137
Let b(u) = -u**2 + 6. Let o be b(3). What are the prime factors of 40*(1 - (2 + o))?
2, 5
Let y(q) = 170*q - 17. What are the prime factors of y(2)?
17, 19
Let n(c) = -25*c + 1190. List the prime factors of n(-9).
5, 283
Suppose -4*v - 2*s = -5860 - 582, -2*v - 5*s = -3209. List the prime factors of v.
2, 13, 31
Let i = -9 + 21. Suppose 4*k - i = -0*k, 3*g = -5*k + 9. What are the prime factors of g*3/(-2) + 23?
2, 13
Let j(a) = 273*a**2 - a. What are the prime factors of j(1)?
2, 17
Suppose -4*r = -4*o + 2*o - 4, 0 = -2*r + 4. Let u(s) = s - 1. Let k(h) = -14*h**2 + 3*h - 1. Let l(x) = o*u(x) - k(x). What are the prime factors of l(-1)?
2, 7
Let f = -37 + 27. Let u(w) = -6*w - 14. What are the prime factors of u(f)?
2, 23
Let k(r) = -r**2 + 10*r - 16. Let g(n) = -n**2. Let a(x) = -2*g(x) + k(x). What are the prime factors of a(-14)?
2, 5
Let w = 25 - 13. Let y be (8/w)/(10/855). Let p = -15 + y. List the prime factors of p.
2, 3, 7
Let n(s) = s - 8. Let z be n(7). Let x = 5 + z. Suppose x*c = -4 + 100. What are the prime factors of c?
2, 3
Let t(u) = 6*u**2 - u - 1. Let a be t(-1). Let w = a + -10. List the prime factors of 39/6 - (-2)/w.
2, 3
Suppose -4*u = u, 3*u + 153 = 3*r. Let s = -45 - -49. Let w = r + s. List the prime factors of w.
5, 11
Let j = -409 - -816. What are the prime factors of j?
11, 37
Let a(u) = -u**3 - 18*u**2 - 24*u - 35. Let f be a(-16). Let r = f - -266. List the prime factors of r.
103
Let j(k) = -6*k + 4. Let z be j(9). Let f = z - -29. What are the prime factors of -3 - ((-4 - -7) + f)?
3, 5
Let j = 21 + -12. Let g be j*(13/3 + -3). List the prime factors of g/30 - 103/(-5).
3, 7
Let h(a) = -11*a**2 + 3*a - 1. Let u be h(-3). Let b = 261 + u. List the prime factors of b.
2, 19
Let o = -43 + 55. Let q = 33 + o. What are the prime factors of q?
3, 5
Let w(k) = -k**3 + 9*k**2 - 12*k + 6. Let h be w(6). Suppose 5*s - h = -2*s. List the prime factors of s.
2, 3
Let b be (-2 - 1)/(6/(-4)). Suppose 3*f - 17 = -b. Suppose 159 - 49 = f*w. What are the prime factors of w?
2, 11
Suppose 2*n = -m + 4130, -5*n - 2*m = -8*n + 6195. What are the prime factors of n?
5, 7, 59
Suppose -6*i + 0*i = -i. Suppose i = 5*j - a - 221, 4*a - 229 = -5*j + 3*a. What are the prime factors of j?
3, 5
Let v(j) = j**3 - 4*j**2 + j + 6. Let t be v(3). Suppose t = i + 2, -f + 3*f = 4*i - 16. List the prime factors of ((-6)/5)/(f/80).
2
What are the prime factors of (12/60)/(3/795)?
53
Let x(r) be the second derivative of -5*r**3/6 + 67*r**2/2 - 46*r. List the prime factors of x(7).
2
Let i(x) = x**3 + 9*x**2 - 7*x - 5. Suppose -3*d = -2*d + 9. List the prime factors of i(d).
2, 29
Let y = -16 + 20. Suppose 2*g - 166 = -3*b, -y*g + 62 = 4*b - 3*b. List the prime factors of b.
2, 3
Let q(h) = 3*h**2 - 3. Let d(s) = s**2 - s. Let m be d(-1). Suppose 0 = 5*g - 3*z, -6 = -4*g + 4*z + m. List the prime factors of q(g).
2, 3
List the prime factors of -4 + 1958*((-9)/2 + 5).
3, 5, 13
Suppose 29*p = 16*p + 7410. What are the prime factors of p?
2, 3, 5, 19
Let u(t) = t**3 + 27*t**2 - 28*t - 129. List the prime factors of u(-26).
3, 5, 17
Let t(s) = -s**3 + 16*s**2 - 14*s - 11. Let l be t(15). Suppose -l*a + 276 = -0*a. List the prime factors of a.
3, 23
Suppose -3*b - 6 + 20 = w, -11 = -3*b - 4*w. Suppose -4*r + 1294 = b*y + 360, -950 = -4*r + 3*y. List the prime factors of r.
2, 59
List the prime factors of (-1002)/(((-69)/46)/((-3)/(-4))).
3, 167
Suppose -4*a + 4306 = 5*f, 2*f = -3*a - a + 4312. What are the prime factors of a?
13, 83
Suppose -3*g - 16 = -7*g. Suppose 6*p - p = 4*i - 69, i + g*p = 33. List the prime factors of i.
3, 7
Let o = 486 + 271. What are the prime factors of o?
757
List the prime factors of 66/55*(-1 + (-706)/(-6)).
2, 5, 7
Let r(a) = -a - 8 - 6*a + 2*a + 3*a**2. What are the prime factors of r(6)?
2, 5, 7
Let r(t) = 8*t**3 - t**2. Let o be r(-2). Let p = -31 - o. What are the prime factors of p?
37
What are the prime factors of (97 + (1 - -8))*(-4)/(-1)?
2, 53
Let b(l) = -l**3 + 8*l**2 - 3*l + 12. Let n be b(7). Let v = 61 - n. What are the prime factors of v?
3, 7
Suppose p = -4*p. Let q(x) = -7 - x**3 + 4*x - 4*x + 7*x**2 + p. What are the prime factors of q(6)?
29
Let j(o) = -o**3 + o**2 + 2*o. Let x be j(-2). Suppose 3*l + 25 = x*l, -3*v + 5*l = -77. Let n = v - 20. What are the prime factors of n?
2, 7
Suppose -y + 1269 - 900 = 0. What are the prime factors of y?
3, 41
Let p = 26 + -25. Let l = -25 + 28. List the prime factors of (l - 2)/(p/32).
2
Let z = 631 - 250. Let t = 1 + 1. What are the prime factors of 1/t + z/6?
2
Suppose -14*f + 9*f + 70 = 0. Suppose 162 = u + f. What are the prime factors of u?
2, 37
Let a be (-1)/((-3)/87*1). Let d be (a - -1)/(9 + -8). Suppose 0 = 4*s - 3*v - 73, 2*s = 3*v + d - 1. List the prime factors of s.
2, 11
Suppose -3*t = b + t, -b = t. Suppose -2*u + g - 9 = b, -2*g + 1 = u - 2. What are the prime factors of (0 - 39)/u - -3?
2
Let c = -97 + 217. Suppose c = 3*h + 5*l, l + 70 = 2*h + 3. What are the prime factors of h?
5, 7
Let l be -11*((-3)/3 + 0). Suppose -l*a + 10*a - 3 = 0. List the prime factors of a/6*8 - -34.
2, 3, 5
Suppose m = 2*w + 80, m + 162 = -4*w + 2*m. Let v = w - -71. S